x + 1. Calculate n(7).
-4
Let d(l) be the second derivative of -l**3/3 + l**2/2 + 18*l. Let a be (7/2)/(1/2). Suppose -4*s + 9 + a = 0. Determine d(s).
-7
Suppose 5*q - 3*q - 4 = 0. Let w = -21 + 21. Let i(k) = -3*k + 2*k**q + w*k + 5*k**3 + 2*k. Determine i(1).
6
Suppose -14 = -3*m - 2. Let b(v) = -5*v**2 - v + v**3 + 1 + 0 - 3 + m*v. Calculate b(2).
-8
Let i(t) be the second derivative of t**5/20 + t**4/4 + t**3/3 + t**2/2 - 17*t. Give i(-2).
1
Let j be ((-8)/6)/((-2)/(-6)). Let p(h) = -h**3 - 3*h**2 + 3*h + 1. Let v be p(j). Let z(w) = -3*w**2 + 0 - 6*w + v*w**2 + 2. Determine z(4).
10
Suppose 4*l - 2 = 18. Let o(y) = y - 2*y - 1 - 1 + l. Give o(4).
-1
Let v(q) = -q**2 + 2*q + 7. Suppose 0 = 2*x - 2. Let u be 0 - -6*x - 1. What is v(u)?
-8
Let i(z) = -2 - 105*z**3 + 1 + 106*z**3 + z**2. Calculate i(0).
-1
Let h(x) = -x**2 + 2*x + 4. Let b be h(3). Let n be 2 + 0 + b + -3. Let w(j) = 3*j**2 - 4*j**2 + 0 + 3. Calculate w(n).
3
Suppose -5*x - 53 = -4*z, 18 = 4*z - 3*x - 33. Suppose 4*r - m + 15 + 16 = 0, 5*r = -4*m - 44. Let u = r + z. Let t(c) = -c**2 + 8*c - 5. What is t(u)?
11
Let u(o) = 2*o - 14. Let l be u(7). Let x(q) = -q**3 - q**2 - q - 9. Give x(l).
-9
Suppose 4*b + 5*b = 18. Let r(o) be the second derivative of 1/2*o**3 + 1/2*o**b + 0 - 1/12*o**4 + 2*o. Give r(3).
1
Let g(w) be the second derivative of -w**4/12 + w**3/3 - w**2 + 2*w. Calculate g(2).
-2
Let z = 11 + -7. Let d = 5 + -2. Suppose d = -4*k + 3*k + z*i, -3*k + 7 = 4*i. Let f(v) = -5*v**3 - v**2. Determine f(k).
-6
Let l = 8 - -4. Suppose -4*f + 5*r + l = r, -f = r - 5. Let h(u) = -u**2 + 7*u - 5. What is h(f)?
7
Suppose j - 2*l = 2 + 4, -3*j - 2*l = -10. Suppose -j + 16 = -4*f. Let y(a) = a**3 + 3*a**2 + 3*a + 4. Determine y(f).
-5
Suppose 5*f - 20 = 5*v, 2*v = -0*v - 4*f + 4. Let k = v - 1. Let u(p) = -p**2 - 3*p + 1. What is u(k)?
1
Suppose 0 = f - 7 + 11. Let a(r) = r**2 + 5*r - 2. Give a(f).
-6
Let y(w) be the third derivative of 5/24*w**4 - 3*w**2 + 0 + 0*w + 1/120*w**6 - 1/10*w**5 + 1/6*w**3. Calculate y(4).
-11
Suppose 0*x - 5*x + 5 = 0. Let a = 5 + x. Let n(l) = -1 + 1 + 6*l - l**2 + 0*l**2. Give n(a).
0
Let q be (-6)/(-27) + 7/9. Let x(w) = -2 + w + 2. Give x(q).
1
Let b = 14 - 12. Let j(w) = -29*w + 5 - 3 + w**b + 34*w. Calculate j(-6).
8
Suppose -4 = q, -q - 2*q = 3*u - 3. Let t = 6 - -11. Suppose -4*w - v = -4*v + 8, u*w - t = -3*v. Let a(f) = 2*f**2. Determine a(w).
2
Let a(q) = q**2 - q - 2. Let v be a(3). Suppose 5*m - 4*p + 8 = 0, -2*p + 4*p = -m + 4. Let d(b) = -1 - 1 + 5*b**2 + 0*b**2 + m*b**3 - b**3 - b. Determine d(v).
10
Let y(f) = -4*f + 2*f + 3*f - 3. Determine y(5).
2
Suppose -6*n + 57 = -2*n + 3*y, -y = -5*n + 95. Let r be (24/n)/(2/(-6)). Let d(i) = i - 4. Give d(r).
-8
Suppose -2*z - m = -0*z - 1, -3*m - 3 = 4*z. Let a(k) = -k + z*k - 3 + 2 - k**2. Suppose -4*q + 29 = 37. Give a(q).
-9
Let m(b) be the second derivative of b**4/12 + 2*b**3/3 - b**2/2 - 8*b. Calculate m(-6).
11
Let z(g) = 120*g**3 - 7 + 8*g - 121*g**3 + 5*g**2 - 6*g. Suppose 6 = -2*h + 3*h. Let s = 11 - h. Give z(s).
3
Let a(h) = 2*h**2 + 3*h - h**2 - 7 + 2*h. Let r(k) = -k**3 + 6*k**2 - 5*k. Let m be r(5). Suppose g + 2 + 4 = m. What is a(g)?
-1
Let z be (-20)/(-4) + -1 + -1. Let m(n) = -7*n**2 - n - 9. Let x(b) = -3*b**2 - 4. Let j(i) = 2*m(i) - 5*x(i). What is j(z)?
5
Let v(l) = 2*l**2 + 4*l + 1. Let i(q) = q**2 + 5*q. Let m(t) = -3*i(t) + 2*v(t). What is m(7)?
2
Let j(i) = i**2 - 7*i + 2. Let d be 8/44 - 53/(-11). Determine j(d).
-8
Let f = 2 + -3. Let v be f/2 + 14/4. Let j(x) = 5*x - 1. Let z(w) = -9*w + 2. Let h(r) = 11*j(r) + 6*z(r). Give h(v).
4
Let d(g) be the first derivative of -g**2/2 + 21. What is d(4)?
-4
Suppose -2*d = 2*d + 12. Let w(i) = -i**3 + i. Let q(o) = 0*o**3 + 5*o**3 - 3*o**3 - o**2 - 3*o**3. Let v(a) = -3*q(a) + 2*w(a). Give v(d).
-6
Suppose 0*w - 2 = -w. Let s(o) = 4 + 1 + 5*o - 8. What is s(w)?
7
Suppose -3*j = v - 11, -2*v = -2*j - 0*v - 6. Let q(g) = -4*g - 1. Give q(j).
-9
Let s(a) = -a - 8. Let k be 1/2*-1*22. Let c be s(k). Suppose c*h + 9 + 6 = 0. Let x(g) = -g**2 - 5*g - 6. Calculate x(h).
-6
Let k = -101 - -103. Let p(d) = -d**3 - d**2 + 2*d. What is p(k)?
-8
Let q(x) = -2*x**3 + 4*x**2 - 4*x + 2. Let z be 5/2 + 10/(-20). Determine q(z).
-6
Suppose -7*l - 3*d + 14 = -6*l, 0 = 5*l - 3*d + 20. Let m(c) = 9*c**2 - c - 2. Let f(v) = v + 1. Let a(w) = f(w) + m(w). Give a(l).
8
Suppose 5*w - 27 = -2*h, 3*h - 2*w = h + 6. Let p(o) be the third derivative of o**6/120 - 7*o**5/60 + o**4/4 + 2*o**3/3 + 9*o**2. Determine p(h).
4
Suppose -3*f = -y - 13, -2*y - 10 = -5*f + 2*y. Let u = -9 + f. Let h(k) = k**2 - k - 4. Calculate h(u).
8
Suppose 0 = q - 2*q + 5*o + 15, 5*q + 4*o = -12. Let h(w) = -4*w + 12. Let r(p) = -5*p + 13. Let n(a) = 4*h(a) - 3*r(a). Calculate n(q).
9
Let t(o) = -o**2 - o - 1. Let k = 1 + 1. Suppose 0 = 2*f - k*v + 6, 3*f + 1 = 8*f + 3*v. Let n be (-5)/(-5) - 1*f. Give t(n).
-7
Let h(n) = -n**2 + 5*n - 2. Let q be h(3). Let y(k) = -k**2 + 7*k + 2. What is y(q)?
14
Let l(o) = -o**2 - o + 1. Let v(u) = 3*u**2 + u - 5. Let j(w) = -2*l(w) - v(w). Let z(p) = p**3 + p**2 + 3*p + 3. Let q be z(-1). Determine j(q).
3
Let o be (-2)/3 - (7 + (-78)/9). Let d(v) be the third derivative of -v**5/30 + v**4/24 + v**2. What is d(o)?
-1
Let g(j) be the third derivative of j**4/6 - j**3/6 + 7*j**2. Let p(x) = 4*x - 1. Let r(c) = -4*g(c) + 3*p(c). What is r(1)?
-3
Let z(p) be the first derivative of p**2/2 + 2*p + 7. Let x(y) = -y**3 + 7*y**2 + y - 10. Let b be x(7). Calculate z(b).
-1
Let d(u) = -3*u**2 + 1. Suppose 5*y = 2*r + 16, -5*r - 2*y - 3*y + 30 = 0. Suppose -3*b + 5*w = 2, -w + 4 = -r*b + 5*b. Determine d(b).
-2
Let u(c) = -c + 6. Suppose -s + 2*s - o - 2 = 0, 27 = 3*s + 4*o. Calculate u(s).
1
Let u(f) = -2*f**2 + 6*f + 6*f**2 + 2*f + 4 - 3*f**2. What is u(-6)?
-8
Let j(t) = 2*t**3 + t**2 - t + 2. Suppose -4*w - 6 - 2 = 0. Determine j(w).
-8
Suppose 0*z - 2*z = -10. Let v be (-3)/(-2*1/2). Let r(p) = 2*p - 4*p + v*p. What is r(z)?
5
Let v(l) be the first derivative of -3*l**2 + 9*l + 2. Let o(q) = -3*q + 4. Let w(p) = -5*o(p) + 2*v(p). Determine w(-2).
-8
Let t be -3*(-3)/(-9) + 3. Let s(a) = 2*a + 2*a**2 - 5*a - 3*a**3 + 3 + 2*a**3. Give s(t).
-3
Let s(m) = -7*m - 1. Suppose 4 = 2*l + 3*w + 18, 0 = -w - 4. What is s(l)?
6
Let v be (-84)/(-378) - (56/(-9))/(-1). Let y(i) = i**3 + 7*i**2 + 5*i. Determine y(v).
6
Let q(a) be the second derivative of a**4/12 - a**3/6 - 2*a**2 - 8*a. Determine q(0).
-4
Let g(c) = -c**3 + c**2 + 3*c - 4*c**2 + 0*c. Let i be -4 + (-1 - 0 - -4). Let v be 1*(i - 0) + -3. What is g(v)?
4
Suppose 0 = 3*v + 2*v. Let h(g) = -g + 3. What is h(v)?
3
Let g(v) be the third derivative of -v**5/60 - v**4/4 - v**3/3 + 8*v**2. Suppose 6 = 2*c + c. Suppose 0*h + 5*k = 4*h + 27, 4*h + c*k = -6. Give g(h).
7
Let f(x) = x**2 - 4*x - 8. Let a be f(6). Suppose 0 = -2*v + 6*v + a. Let i(b) = 5 + 2*b + 2*b**2 - 3*b**3 + 0*b**2 - 4. Give i(v).
4
Let d(v) = 8 - 2 - 6 + 9*v**3 - v + v**2. Determine d(1).
9
Let s(l) = 10*l**3 - 25*l**2 + 22*l - 14. Let g(w) = 7*w**3 - 17*w**2 + 15*w - 9. Let u(y) = -7*g(y) + 5*s(y). Calculate u(5).
-7
Let l(z) = z**3 + z + 14. Let b = 8 - 8. Give l(b).
14
Let q(b) = 5*b - 8*b**3 - 6*b**2 - 10*b**3 - 1 + 19*b**3. Determine q(5).
-1
Let h(f) = 4 - f - 4. Let a(z) = 9*z - 1. Let t(p) = a(p) + 2*h(p). Suppose -7 = l - 6. Calculate t(l).
-8
Let v(q) be the first derivative of 5*q**2/2 + q + 32. Determine v(2).
11
Let w(i) = -i**2 - 3*i + 12. Let s = -17 - -11. Let y be w(s). Let z(g) = g**3 + 7*g**2 + 7*g - 1. Give z(y).
-7
Let d(n) = n. Let b(z) be the first derivative of 2*z**2 + 4*z + 1. Suppose -4 = -2*v + 2. Let c(r) = v*d(r) - b(r). Give c(0).
-4
Let a be ((-5)/(-10))/(2/4). Let g(x) = 0*x**3 + 2*x**3 + 6*x**3. Determine g(a).
8
Let x(s) = -1. Let a(b) = -3*b**2 - 4*b + 5. Let y(n) = a(n) + 4*x(n). What is y(-3)?
-14
Let u be -3 + (-18)/(-2 - 1). Suppose 3*f + z = u, -z + 3 = -0. Let l(g) = -g**3 + g**2 + 5. Calculate l(f).
5
Let c(l) = l + 1. Let a = 21 + -15. Suppose -2*b = -5*b + a. Let n be (b/1)/(4/(-10)). Give c(n).
-4
Let z = 8 + -12. Let m be -2 - z - 4*2. Let o(h) = h**2 + 5*h - 1. Determine o(m).
5
Let x(d) be the first derivative of d**3/3 - d**2 - d - 50. Suppose -j - 3 = -2. What is x(j)?
2
L